+ i. Calculate the remainder when s is divided by 40.
31
Let c(y) = 12*y - 13. Let q be c(3). Let g = 38 - q. What is the remainder when (505/g)/((-1)/(-3)) is divided by 13?
10
Let n(g) = 6*g**2 + 205*g + 1186. Calculate the remainder when n(-6) is divided by 149.
23
Suppose 3*u - 37 = -o + 131, -5*u = 20. Suppose o = 9*z - 3*z. Suppose 3*t - 22 = f, -6*f = 2*t - 2*f - 10. Calculate the remainder when z is divided by t.
2
Let y = 32 + 5. What is the remainder when y is divided by -1 - 99/(1 + 10)*-1?
5
Let d(w) = w**2 + 5*w - 10. Let u be d(-10). Let r = u - 35. Let g(v) = 9*v + 28. Calculate the remainder when g(r) is divided by 25.
23
Let v(i) = i**2 + 3*i - 5. Let r be v(2). Let o be (-4 + 28/r)/((-3)/(-15)). Suppose -108 = -h - o*h. Calculate the remainder when 81 is divided by h.
9
Let z be (208/(-10))/((-12)/120). Let w = -176 + z. Calculate the remainder when 108 is divided by w.
12
Suppose 2*l + 18*v - 16*v - 134 = 0, -v = -3*l + 189. Calculate the remainder when 461 is divided by l.
13
Let q = 7568 + -7054. Calculate the remainder when q is divided by 104.
98
Let j = -8772 + 10460. What is the remainder when j is divided by 16?
8
Suppose -4*p - 110 = -b + 18, -540 = -4*b + 2*p. What is the remainder when b is divided by 33?
4
What is the remainder when 437 is divided by (-1 + 7)/2 + 11?
3
Let a(l) = -7*l**2 + 30*l - 7. Let t be a(4). Calculate the remainder when 1456/26 + (1 - t) is divided by 9.
2
What is the remainder when 7/21 - (-259011)/81 is divided by 292?
278
Let q(p) = p + 3. Let i be q(-1). Suppose i*w - 182 = -4*d, 2*w = -w + 3*d + 282. Calculate the remainder when w is divided by 14 - (22/(-77) - (-24)/(-14)).
13
What is the remainder when 1962 is divided by -6 - (-945 - (-8 + 24))?
52
Let l = -10534 - -10638. What is the remainder when 8837 is divided by l?
101
Suppose 48*v = -3*x + 51*v + 1134, -x + 366 = -3*v. Calculate the remainder when x is divided by 193.
191
Let y(u) = -2*u - 5*u**2 - 6 - u - 2*u + 10*u**2. Let z be y(-1). Suppose 2*v - 252 = -z*v. Calculate the remainder when v is divided by 19.
4
Suppose 5*s = -2*y + 25, 6*s + 6 = 3*s + 3*y. Suppose 2*x = -s*x + 95. Suppose 14 = -g + 28. What is the remainder when x is divided by g?
5
What is the remainder when 913 is divided by ((-9)/(585/1924))/(6/(-60))?
25
Suppose -4338 - 2612 = -22*a - 790. What is the remainder when 321 is divided by a?
41
What is the remainder when 1075 is divided by 6/(72/132) + 124?
130
Suppose s - 303 = -2*s. Let o = 943 - 921. What is the remainder when s is divided by o?
13
Suppose -4714*z = -4745*z + 25203. What is the remainder when z is divided by 72?
21
Let i(m) = 26*m - 1149. Let z(s) = -s**3 + 7*s**2 + 8*s - 7. Calculate the remainder when z(7) is divided by i(45).
7
Suppose 536*h = 286*h + 272*h - 3872. Suppose -a - 3*a + 60 = 0. Calculate the remainder when h is divided by a.
11
Suppose -14 = 4*u - 2, u + 175 = 2*j. Calculate the remainder when j is divided by (-1 - 32/(-14))/(14/98).
5
Let c(y) = 26*y**2 - 28*y**2 + 20 + 6. Calculate the remainder when c(0) is divided by 7.
5
Suppose 0 = -5*r - 31245 + 31485. Calculate the remainder when 2056 is divided by r.
40
Let s(f) = 70*f - 116. Let t be s(6). Let i = t + -225. What is the remainder when 392 is divided by i?
76
Let f = 232 + -139. Suppose -n = t - 32, 3*t + 7*n = 3*n + f. What is the remainder when 1/5 - 1336/(-20) is divided by t?
32
Suppose 2*z + 194 = -s + z, s + 192 = -3*z. Calculate the remainder when 269 is divided by (s/(-52))/((-9)/(-84)).
24
Let x = -47 - -43. Calculate the remainder when 145 is divided by (6/x)/(60/(-1480)).
34
Let o(g) = 2*g**2 - 5*g + 78. Calculate the remainder when o(-5) is divided by 63.
27
Let o = -3167 - -3422. What is the remainder when o is divided by 88?
79
Let m(u) = -432*u + 8*u**2 + 13 + 436*u + u**3 + 18. Suppose -5*f = 2*q + 32, f - 3*f - 2*q = 14. Calculate the remainder when m(f) is divided by 27.
25
Let o(f) = f**2 + 174. Let x = 49 + -49. Let r be o(x). Let v = -112 + r. What is the remainder when v is divided by 16?
14
Let s(z) = 42*z + 1. Suppose -5*p - 858 = 17. Calculate the remainder when s(2) is divided by p/(-15) + (-4)/6.
8
Suppose 1252*f - 804*f = 1792. What is the remainder when 2 - 4 - -34 - -2 is divided by f?
2
Calculate the remainder when ((-10)/(-6))/((-1270)/(-913638)) is divided by 100.
99
Let n = 9088 - 7746. Calculate the remainder when n is divided by 96.
94
Let k = 4535 - 4528. What is the remainder when 537 is divided by k?
5
Let j = -36 - -110. Let b(o) = o**3 - 9*o**2 + 53*o - 139. Calculate the remainder when b(8) is divided by j.
73
Suppose 297*m - 59670 = -54*m. Calculate the remainder when m is divided by (-5)/(10/(-6)) - -54.
56
Let u = 20333 + -19583. What is the remainder when 3004 is divided by u?
4
Suppose -8 = 2*p - 6*p. Suppose 0*s + 46 = p*s. Let c = -2204 - -2293. Calculate the remainder when c is divided by s.
20
Let j(p) = -p + 7. Let g be j(-15). Let t = 32 - g. Let v = t + 4. Calculate the remainder when 24 is divided by v.
10
Let t = -1360 + 1725. What is the remainder when 759 is divided by t?
29
Let m(q) = 4*q + 128. Let s be m(0). Suppose 230 + s = 2*b. Calculate the remainder when b is divided by 91.
88
Let q(n) = -59*n + 2720. What is the remainder when 1120 is divided by q(46)?
4
Calculate the remainder when 219 is divided by (-882)/(-27) - 20/(-15).
15
Let s = 478 + -268. Suppose q = 2*j + 18 - 151, 3*j = 5*q + s. What is the remainder when j is divided by 11?
10
Suppose -55*l + 860 = -45*l. Suppose 3*s = 49 + l. What is the remainder when s is divided by 12?
9
Let w be (5 + -16)/(3/(-3)) - 3. Let b = w - 57. Let f = b + 58. Calculate the remainder when f is divided by 3.
0
Let f be (-8)/(-16) + (-236)/(-8). Calculate the remainder when 45 is divided by f*3/(15/4).
21
Suppose 16*p + 14*p + 11*p - 18655 = 0. What is the remainder when p is divided by 431?
24
Let c = 209 + -173. What is the remainder when 417 is divided by c?
21
Let c(j) = 16*j - 6. Let i be c(6). Let f = i - 49. Let y = 48 - f. Calculate the remainder when 25 is divided by y.
4
Suppose 0 = -88*l - 42*l + 6370. What is the remainder when 635 is divided by l?
47
Let y = -243 - -321. What is the remainder when 379 is divided by y?
67
Let l be 12*((-45)/10)/9. What is the remainder when -1*(-141)/(l - -9) is divided by 10?
7
Suppose -t + 29 = w, -3*w - 4*t + 2 = -82. What is the remainder when 263 is divided by w?
7
Let w(v) be the third derivative of -v**5/60 - 2*v**4/3 + 4*v**3 + v**2 + 10. Let h = -20 - -36. Calculate the remainder when w(-13) is divided by h.
15
Suppose -2*m + 366 = 3*h, -2*h - 5*m + 155 + 78 = 0. Calculate the remainder when h is divided by (-6)/(-99) - 5/(-165)*-200 - -15.
7
Let j(t) = -153*t**3 - 2*t**2 + 3. What is the remainder when 462 is divided by j(-1)?
0
Let u(i) = 4*i**3 - i**2 + 15*i - 33. Let n be u(3). Suppose -5*s + 69 + n = h, 4*s - 336 = -2*h. Calculate the remainder when h is divided by 56.
48
Let q(i) = -59*i + 244. Let v(w) = w**3 - 20*w**2 + 4. Let l be v(20). Calculate the remainder when 92 is divided by q(l).
4
Let u(g) be the third derivative of 5/24*g**4 - 13*g**2 + 0 + 0*g + 1/3*g**3 + 1/30*g**5. Calculate the remainder when u(-4) is divided by 6.
2
Let t(c) = 16*c + 9. Let a = -268 + 269. What is the remainder when 32 is divided by t(a)?
7
Suppose -64*g + 19470 = -54*g. Calculate the remainder when g/44 + 12/16 is divided by 16.
13
Let m = 5724 - 5503. What is the remainder when m is divided by 9?
5
Suppose 10*y - 13*y + 12 = 0. Suppose 4 = -b + p, -y*b - 3*p - 3 = -2*b. Let m = b - -29. Calculate the remainder when 125 is divided by m.
21
Let a(u) = -4*u**2 + u + 2. Let t(i) = i**2 + 4*i - 3. Let j be t(-5). Let l be a(j). What is the remainder when 102/8 - l/(-16) is divided by 3?
0
Let g(v) = 575*v + 4211. What is the remainder when g(-7) is divided by ((-6)/4)/(1/(-42))?
60
Let t(b) = 55*b - 2903. Calculate the remainder when t(57) is divided by 199.
33
Let t(o) = 162*o - 6. Let y be t(-1). Let u = 216 + y. What is the remainder when 93 is divided by u?
45
Let b be (117/(-52))/((54/80)/(-9)). Let n = b + -13. What is the remainder when n is divided by (-1)/5 + (-102)/(-10)?
7
Let i = 2498 - 2175. What is the remainder when i is divided by 81?
80
Let j = 1760